
265
Calculate the greatest common divisor of 603323 and 16669.
79
Calculate the greatest common factor of 262 and 39600.
2
Calculate the highest common factor of 398 and 2645705.
199
What is the greatest common divisor of 104352 and 1093728?
96
Calculate the highest common divisor of 114828196 and 213738.
10178
Calculate the greatest common factor of 26988716 and 1246.
178
Calculate the greatest common divisor of 1140 and 64577010.
570
Calculate the highest common factor of 61409964 and 173184.
5412
What is the greatest common factor of 28992 and 852?
12
Calculate the highest common divisor of 47092 and 487132.
772
Calculate the highest common divisor of 193011 and 24843.
1911
What is the highest common factor of 69 and 477654?
3
Calculate the greatest common factor of 486 and 221118.
6
What is the greatest common factor of 320 and 1106752?
64
Calculate the highest common factor of 31089318 and 52.
26
Calculate the highest common factor of 206334 and 1458.
54
What is the highest common divisor of 4333828 and 1884?
628
What is the highest common factor of 6 and 912759?
3
What is the highest common factor of 6250 and 2282125?
125
Calculate the greatest common divisor of 45 and 2633103.
9
What is the greatest common divisor of 205788 and 9240?
132
Calculate the highest common factor of 621846 and 28998.
3222
Calculate the greatest common factor of 11959632 and 7406.
1058
What is the greatest common factor of 702 and 3862365?
39
What is the greatest common divisor of 4191685480 and 40?
40
Calculate the greatest common factor of 115705 and 11023.
73
Calculate the highest common divisor of 1598538 and 145.
29
What is the greatest common factor of 116024796 and 408?
204
What is the highest common factor of 270 and 4497768?
54
What is the highest common divisor of 753714717 and 12005?
2401
What is the greatest common divisor of 992 and 1071328?
32
What is the highest common factor of 64066 and 743601?
311
Calculate the highest common factor of 131051664 and 84.
12
What is the greatest common divisor of 147062 and 1946?
278
What is the greatest common divisor of 5106 and 2008544667?
2553
What is the highest common divisor of 65800600 and 155?
155
Calculate the highest common divisor of 422217 and 17845.
43
What is the greatest common divisor of 20027938 and 1292?
646
Calculate the greatest common divisor of 23192 and 210873.
13
Calculate the highest common factor of 185575 and 9523709.
7423
Calculate the greatest common factor of 250 and 59268250.
250
What is the greatest common divisor of 2779 and 2918347?
397
What is the greatest common factor of 904 and 1800655?
113
Calculate the highest common factor of 682 and 60710276.
682
Calculate the highest common divisor of 8922636 and 576.
36
Calculate the highest common divisor of 20387853 and 801.
801
What is the greatest common factor of 457897 and 77?
11
Calculate the highest common divisor of 2317953 and 627.
33
What is the greatest common factor of 835 and 11100323?
167
Calculate the highest common factor of 979249 and 27536.
1721
What is the highest common factor of 34670378 and 170?
34
What is the greatest common factor of 18370 and 2191090?
110
What is the highest common factor of 17350 and 40?
10
What is the highest common factor of 141693 and 5621?
73
Calculate the greatest common factor of 78 and 6717126.
78
Calculate the greatest common factor of 19729116 and 11880.
1188
Calculate the greatest common factor of 95028750 and 250.
250
What is the greatest common factor of 4 and 3260636?
4
Calculate the highest common divisor of 10321985 and 90965.
565
Calculate the greatest common divisor of 53 and 364057.
53
What is the greatest common factor of 22920441 and 453?
453
Calculate the greatest common divisor of 98 and 4608478.
14
Calculate the highest common factor of 1484 and 82404665.
371
Calculate the highest common factor of 23288 and 400440.
568
Calculate the highest common factor of 7 and 1949423.
7
Calculate the highest common divisor of 3424164 and 3902196.
5196
Calculate the greatest common divisor of 741720 and 881580.
420
Calculate the greatest common divisor of 39441237 and 979.
11
What is the highest common divisor of 108900 and 3388484?
484
Calculate the greatest common factor of 8876543 and 39.
13
Calculate the highest common factor of 247068 and 17604.
36
What is the greatest common factor of 28 and 2740619?
7
Calculate the highest common divisor of 3290 and 1430520.
70
Calculate the greatest common factor of 35986 and 51622864.
1894
What is the greatest common factor of 8328 and 59293278?
2082
Calculate the greatest common divisor of 664376381 and 113.
113
Calculate the highest common factor of 144 and 2036024544.
48
What is the greatest common divisor of 11870506 and 438572?
2642
What is the greatest common divisor of 2432941 and 210?
7
What is the greatest common factor of 1908 and 7960600?
212
Calculate the greatest common factor of 147535032 and 6258.
894
What is the highest common divisor of 94593215 and 11575?
2315
What is the greatest common factor of 368 and 587199752?
184
What is the greatest common divisor of 1288698 and 378?
6
What is the highest common divisor of 15052 and 4368772?
284
What is the highest common factor of 62425 and 58112?
227
What is the highest common factor of 16832 and 2158720?
64
Calculate the greatest common factor of 8484501 and 29.
29
What is the highest common divisor of 837 and 6170279463?
837
What is the greatest common factor of 308227257 and 468?
117
What is the greatest common factor of 483 and 393?
3
What is the highest common divisor of 132057 and 5601582?
1971
Calculate the greatest common divisor of 7536 and 11894163.
471
What is the highest common factor of 272 and 10972684?
68
Calculate the greatest common divisor of 384 and 985912.
8
What is the highest common factor of 12296 and 43407954?
3074
What is the greatest common divisor of 242459 and 1197?
133
What is the greatest common divisor of 34186724 and 26?
26
What is the highest common factor of 75098498 and 4506?
1502
Calculate the greatest common factor of 197437588 and 380.
76
Calculate the greatest common factor of 3918997494 and 31.
31
Calculate the highest common divisor of 324276555 and 7545.
7545
What is the greatest common divisor of 2705472 and 86016?
1344
Calculate the greatest common divisor of 4075 and 349625.
25
Calculate the highest common divisor of 374775 and 860799.
789
What is the greatest common divisor of 41557446 and 532?
266
Calculate the greatest common factor of 225204 and 223968.
12
What is the greatest common divisor of 49335 and 82580355?
2145
What is the greatest common divisor of 201907737 and 342?
171
Calculate the highest common factor of 70269 and 1532023.
397
Calculate the highest common divisor of 1178773 and 2173.
53
What is the highest common factor of 921400 and 16?
8
Calculate the greatest common factor of 62848 and 643210.
982
Calculate the highest common divisor of 732 and 779946.
366
What is the highest common factor of 58825071 and 5247?
477
What is the greatest common divisor of 530 and 1001276?
106
What is the greatest common factor of 8657 and 1456378?
11
What is the greatest common divisor of 10879458 and 6457?
587
What is the greatest common factor of 17689 and 54982067?
931
What is the highest common divisor of 1455 and 310245867?
291
Calculate the highest common divisor of 37823170 and 10010.
770
Calculate the greatest common divisor of 4736 and 478780.
148
What is the greatest common factor of 1524 and 4224?
12
Calculate the highest common factor of 4392 and 9158052.
732
Calculate the highest common divisor of 155219005 and 27315.
3035
Calculate the highest common factor of 108 and 23144076.
108
What is the highest common factor of 32 and 32511232?
32
What is the highest common factor of 308 and 2632256?
44
What is the greatest common divisor of 558 and 1037393796?
186
Calculate the highest common factor of 4588 and 100430284.
148
Calculate the highest common factor of 65278524 and 40224.
5028
Calculate the greatest common divisor of 210546 and 30618.
378
Calculate the greatest common divisor of 22 and 277670.
2
Calculate the highest common factor of 213003764 and 822.
274
What is the highest common factor of 24345 and 1271955?